72 = 0, -k = 4*k + 3*v - 162. Let l = 44 - k. Calculate the remainder when l is divided by 12.
2
Let l = -18 - -21. Calculate the remainder when 73 + 6 + -2 + 5 is divided by (14/l)/((-24)/(-108)).
19
Let h(q) = -158*q + 828. Calculate the remainder when 1443 is divided by h(5).
37
Let a = 14 + -11. Let y be 16/80 - (-8)/10. Suppose 30 = 2*l + 3*t, -2*l + 5*t = -15 + y. What is the remainder when l is divided by a?
0
Suppose 22*r - 857 = -4*r + 2497. What is the remainder when r is divided by 90?
39
Let f(g) = -10*g**3 - 3*g**2 - 9*g + 19. Let a be f(3). Let v = -262 - a. What is the remainder when 169 is divided by v?
40
Let b(a) = -a**2 + 24*a - 61. Let l be b(17). Suppose -31*r - l + 151 = 0. What is the remainder when 14 is divided by r?
2
Suppose 3*o + 2*n - 125 = 0, 4*o + 3*n + 2*n - 169 = 0. Let f(l) = l**3 - l**2 - 2*l + 242. Calculate the remainder when f(0) is divided by o.
37
Let i(q) = -310*q + 2139. What is the remainder when i(-26) is divided by 30?
29
Suppose f + 4*n - 6 = 0, -f = 3*f + 3*n + 41. What is the remainder when (8/(-12))/((f/(-696))/(-7)) is divided by 26?
24
Suppose -5*o + 330 = -3*d, -3*o = -5*d - 103 - 95. What is the remainder when o is divided by 47 + -5 - (-7)/((-63)/81)?
0
Suppose 0*t = 4*t - 80. Let w(g) = 14*g**2 + 3*g + 13. Let z be w(-5). Suppose -5*j - 63 = -z. What is the remainder when j is divided by t?
17
Let p = 16 + -10. Suppose 210 = -38*s + 742. Let d = s - p. What is the remainder when d is divided by 2?
0
Let f be (-1 + 148)/((-21)/(-49) + 0). Let o = -244 + f. What is the remainder when o is divided by 44?
11
Let x(i) = 4*i**3 - 3*i**2 - 35*i + 806. What is the remainder when x(0) is divided by 22?
14
Suppose 2*k = -6*k + 24. Suppose 0 = -5*b - 3*r + 9 + 20, -k*r = -2*b + 20. What is the remainder when (-36)/(-2) + (1 - -3) is divided by b?
1
Let f = 183 + -143. Suppose f*i = 36*i + 1112. What is the remainder when i is divided by 56?
54
Let g(u) = -13*u. Let y(a) = -a. Let z(p) = -9*p + 47. Let w(b) = 2*y(b) - z(b). Calculate the remainder when g(-6) is divided by w(9).
14
Let h = -10750 + 10789. What is the remainder when 504 is divided by h?
36
Let a(m) = 4*m**3 + 13*m**2 - 4. Let n = 93 + -90. Calculate the remainder when a(n) is divided by 15.
11
Suppose -4*o = 2*r - 308, -4*r = -5 - 11. Calculate the remainder when o is divided by 8.
3
Let q = 164 + -158. Suppose 4*j + 2 = 10. Suppose 8 = -j*n, q = -2*g - 3*n - 0*n. What is the remainder when 10 is divided by g?
1
Let j(k) = -5*k + 76. Suppose -121 = -4*y - 81. Calculate the remainder when 179 is divided by j(y).
23
Let t(x) = -x**2 - 19*x - 1. Let n be t(7). Let y = n - -265. Calculate the remainder when 326 is divided by y.
80
Let z(n) = 368*n - 8975. What is the remainder when z(97) is divided by 102?
99
Let r be 1772/20 - (-2)/5. Let f(g) = 12 + r*g - 28*g - 3. What is the remainder when f(2) is divided by 44?
43
What is the remainder when 827 is divided by (-48)/20*1690/(-156)?
21
Let k(w) = 145*w - 2688. Calculate the remainder when 2504 is divided by k(21).
5
Suppose 2 + 7 = r - 21. Let v = -11 + 19. What is the remainder when -12*(-1 - 70/v) is divided by r?
27
Let z = 157 - 19. Let i be z/3 + (1 - 3). Calculate the remainder when 2/4*2*i/4 is divided by 4.
3
Suppose -395*f = -392*f + 120. Let l = f - -265. What is the remainder when l is divided by 23?
18
Let h(p) = 8*p + 69. Let y = 150 - 150. Calculate the remainder when 193 is divided by h(y).
55
Suppose 54*p = 7734 - 120. What is the remainder when p is divided by 12?
9
Let k(f) = f**3 + 19*f**2 - 2*f - 24. Let r = 346 + -194. Suppose -5*d - 5*p = -275, -5*d + 5*p + 123 = -r. What is the remainder when d is divided by k(-19)?
13
Let d(i) = -3*i - 29. Let u be (88 - 2)*-4*(-3)/12. Let r = 69 - u. What is the remainder when d(r) is divided by 6?
4
Suppose 4*p - 112 = -4*f, -21*f + 24*f = p + 80. Calculate the remainder when 118 is divided by f.
10
Suppose -4*h = f - 286, -4*f + 2*h = h - 1059. Suppose -9*t = -319 - f. Calculate the remainder when t is divided by -2 - 2*38/(-4).
14
Let s = 1405 + -876. Let y = -506 + s. What is the remainder when 113 is divided by y?
21
Suppose -3*s = v - 69 + 20, -73 = -2*v - s. Suppose -2*f = -0*f - 24. Calculate the remainder when v is divided by f.
10
Suppose -3*q - 9 = 0, -5*u + 123 = q + 11. Let f = 4 - -5. Let i(c) = c**2 - 2*c + 4. What is the remainder when i(f) is divided by u?
21
What is the remainder when 146 is divided by 68 + (2/5)/(-1 - 216/(-200))?
0
Suppose 6*j = 4*u + 3*j - 460, -j = -5*u + 575. Calculate the remainder when u is divided by (3/6)/((-1)/(-24)).
7
Suppose 2*g + 2*g - x = 38, 0 = -2*g - x + 22. What is the remainder when (30/g)/((-1)/(-76)) is divided by 29?
25
What is the remainder when (133 - 599)/(4/6 + 40/(-15)) is divided by 78?
77
Let h(d) = -d**3 - 4*d**2. Calculate the remainder when (-2)/(-4)*(-2710)/4*(-4)/5 is divided by h(-5).
21
Suppose 25*x - 64 = -7*x. Suppose 4*l + 3*w - 203 = 0, x*l + 162 = 5*l - w. Calculate the remainder when 315 is divided by l.
50
Calculate the remainder when 25 is divided by (-38)/5*(-385)/154.
6
Let m(z) = -128*z + 9654. Let f = 130 - 81. Calculate the remainder when m(72) is divided by f.
46
Let q = 3349 + -3322. Calculate the remainder when 262 is divided by q.
19
Let p = 10828 + -10722. What is the remainder when 1268 is divided by p?
102
Suppose -6*w + 2*w + 390 = -2*c, 0 = w - 2. Let d = 365 + c. Calculate the remainder when d is divided by (2 + 8)*(-10)/(-4).
24
Let r = -8017 + 9376. Calculate the remainder when r is divided by 10.
9
Let b = 2930 - 2891. Let n(z) = 17*z**2 + 2*z - 4. What is the remainder when n(3) is divided by b?
38
Let s = -28 - -44. Let c be 1/(-4) - (-180)/s. Suppose c - 2 = 3*l. Calculate the remainder when 10 is divided by l.
1
Suppose 7*k - 384 - 1142 = 0. Let f = k - 158. Calculate the remainder when f is divided by 17.
9
Let c be 18/(-4)*-2 - 1. Suppose 13*n - 972 = -14*n. Let r = n - c. What is the remainder when r is divided by 8?
4
Suppose -20*a + 89 + 91 = 0. Suppose a*g - 191 = 88. What is the remainder when 112 is divided by g?
19
Suppose -x = -2*u - 323, -x + 65 = -4*u - 272. What is the remainder when 1274 is divided by x?
38
Let q = -140 + -53. Let w = 289 + q. What is the remainder when w is divided by 26?
18
What is the remainder when (-3)/(-36)*-3 + (-26238)/(-24) is divided by 220?
213
Let j(q) = -12*q - 122. Let k be j(-6). Suppose -3*b + 72 = -5*s, -2 = 2*s + 4. Calculate the remainder when 20/(-3)*240/k is divided by b.
13
Suppose 4*a - 282 = -2*w, -2*a - 2*w + 213 = a. Let m = -554 + 626. What is the remainder when m is divided by a?
3
Let u(a) = -3*a**2 + 71*a - 91. Calculate the remainder when u(16) is divided by 87.
16
Let j(z) = z**3 + 5*z**2 + z + 1. Let y = -101932 + 101946. What is the remainder when j(-3) is divided by y?
2
Let p(q) = 2*q**3 + 57*q**2 + 60*q - 32. Let m be p(-27). Suppose 2761 = 16*z - m. Calculate the remainder when z is divided by 53.
47
Let x(s) = -s**3 + 28*s**2 + 47*s - 337. Calculate the remainder when x(28) is divided by 24.
19
Let x(n) = 174*n - 1033. Calculate the remainder when 2571 is divided by x(6).
8
Suppose 21*s - 4248 = -657. Suppose -8*d + 9*d = -1, 0 = 3*f - 3*d - 138. What is the remainder when s is divided by f?
36
Suppose 0 = i + 2, -4*i - 6 = -k + 2*k. Suppose k*r - 10 = 82. What is the remainder when 226 is divided by r?
42
Suppose v - 135 = -2*v. Let m = 278 - 146. Calculate the remainder when m is divided by v.
42
Let c(p) = 3*p**2 - 11*p + 90. What is the remainder when c(-12) is divided by 47?
43
Suppose 4*d = -5*h - 439, 3*h + 2*d + 43 + 220 = 0. Let n = -59 - h. Suppose 4*k = 8*k - n. What is the remainder when 53 is divided by k?
4
Suppose 5*b + 1600 = 2*c + 153, 5*c + 3*b = 3664. What is the remainder when c is divided by 15?
11
Let h(m) = -m**2 + 9*m - 11. Let s be h(8). Let d be 99/2*-2 - (s + 0). Let q = d + 102. Calculate the remainder when q is divided by 4.
2
Let a = 305 + -308. Let c(u) = -3*u**3 + 7*u**2 + 8*u + 1. What is the remainder when c(a) is divided by 45?
31
Let l = 109 + -98. Suppose -l*a = -a. What is the remainder when (-3 - a - -2)*-113 is divided by 23?
21
Let b be (-2268)/(-15) + (-36)/(-20) + -2. Suppose -s - 5*q = -23, -5*s = -3*q - 104 - b. 